 - 74))
-8
What is (1 - -5) + -1 - 4?
1
What is (15 - 5) + -38 + 30?
2
-10 - (-7 - (-7 - -4))
-6
Evaluate -6 + 2 + -3 + 4.
-3
2 - (1 + (2 - 6) + 5)
0
What is (1 - 6) + -2 + 12 + 2?
7
Evaluate (-1 - 1 - 6) + 8.
0
What is -11 + 11 + (-4 - -4) + -4?
-4
Evaluate -1 - (5 - ((7 - 3) + 4)).
2
What is the value of (26 - 31) + (-2 - 1)?
-8
1 + (5 - (-5 + 15))
-4
3 - 1 - (1 - 2 - -4)
-1
Calculate -3 - (-1 - (-8 + (0 - -4))).
-6
Evaluate (5 - 10) + 3 + 1.
-1
What is (-1 - -1) + (0 - -1)?
1
6 + (-3 - (-7 + (2 - -1)))
7
Evaluate 4 - (3 + -3 + -1).
5
What is 35 + -42 + 1 + (6 - 2)?
-2
-9 + (7 - -1) - 1
-2
What is the value of -10 + -2 + 4 + 3?
-5
Calculate (1 - 16) + 13 + (-2 - -13).
9
12 + (4 - 0) + -21
-5
What is -7 - 0 - (-35 - -28) - 4?
-4
Evaluate -10 + (-7 - (1 + -19 + 3)).
-2
Evaluate -2 + -5 + -1 + 10 + -7.
-5
What is 1 - -10 - 3 - 8?
0
What is -3 + -3 + 9 + (0 - 0)?
3
What is -2 - -5 - (0 + 1)?
2
Calculate (-2 - -11 - (4 + -2)) + -3.
4
What is -1 + ((2 - 7) + 1 - -1)?
-4
Evaluate (-1 - (-2 + -2)) + -2.
1
Evaluate (5 - (-4 + 7)) + 5 + -3.
4
Calculate (0 - -1) + (1 - -4 - 0).
6
What is the value of (5 - 5) + -2 - -8?
6
Calculate (3 - 1) + 11 + -10.
3
What is 4 - (17 - 4 - 2) - -4?
-3
What is the value of (-1 - -3 - 6) + 2 + 1?
-1
Calculate -10 - ((-5 - -10) + -3 - 5).
-7
Calculate -6 + (-11 - -18) + (-3 - 0).
-2
0 + (3 - (3 + 1))
-1
Evaluate 0 + -9 - (6 - 14).
-1
Evaluate (-3 - -5) + (-1 - -1).
2
What is 1 - (10 + -2 + -3)?
-4
What is 1 - (4 + 5 + -6)?
-2
Calculate 8 - (3 + (1 - (4 - 4))).
4
Evaluate 2 + 2 - (5 - 2).
1
What is the value of -6 + 8 - (4 - 2)?
0
Evaluate -3 + 8 - (4 - -3).
-2
Evaluate (8 - (3 + 2)) + -4 - -5.
4
What is 13 - (-11 - (-24 - -7))?
7
What is 0 + (0 - -6) + -1?
5
What is 2 - (-4 - (-4 + -5))?
-3
Calculate 1 - 3 - (-6 + 18 + -9).
-5
What is the value of 8 + -9 - -13 - 17?
-5
Evaluate -12 + 0 + 8 + 9.
5
Calculate (3 - (0 - -3)) + -2.
-2
2 + 2 + -7 + -1
-4
Calculate (-1 - -9) + (226 - 243).
-9
What is the value of -1 + 1 - (4 - -1)?
-5
Evaluate 7 + 10 + -8 + -12.
-3
What is -3 + 1 + 1 + 6?
5
What is -66 + 64 + (-1 - (3 + -1))?
-5
Evaluate 7 + (-1 - 2) - 3 - 1.
0
What is -3 + -1 + 2 + (4 - 12)?
-10
0 + 3 + 8 + -2 + -1
8
0 - (-3 + -1 + 4)
0
(-6 - -4) + -1 - -5
2
What is the value of -5 - (-6 + 6 - 8)?
3
1 + -4 - (-7 - (4 + -8))
0
What is the value of (-2 - -3 - 3) + 6?
4
(4 - 7) + 2 + (-3 - -3)
-1
What is the value of (4 - 0) + -5 + 2 + 3?
4
Calculate 5 + (2 - 1 - (0 + 2)).
4
What is the value of -2 - (1 + (1 + -2 - -1))?
-3
What is the value of -11 + (3 - -2) + 11?
5
Calculate (-2 - 0) + (5 - 0) + 3.
6
Calculate 2 + -2 - (3 - 6 - -3).
0
3 - (-1 - 0) - 5
-1
Calculate 1 - -6 - (-55 - -60).
2
What is the value of 6 + -5 + (19 - 11)?
9
What is the value of (2 - 3) + -4 + 1 + 1?
-3
1 + 1 + -1 + -4 - -3
0
0 + 4 - 4 - (-3 - 2)
5
Evaluate -4 + (7 + (-5 - 0) - 0).
-2
Evaluate -7 + -3 + (-8 - -19).
1
What is the value of (-13 - -10) + (3 - -3)?
3
What is (-2 - 0) + 5 + -1?
2
Calculate 9 + -2 + -6 + -8.
-7
Evaluate 5 - 14 - (-3 + 3 + -3).
-6
Calculate -2 + 10 - 1 - 6.
1
What is -2 + 4 + 2 + -4 + -3?
-3
Calculate (1 - 2) + (-2 - (2 - 0)).
-5
What is -1 + (-10 - (-6 - (-7 + 6)))?
-6
Evaluate (2 - 11 - -5) + 2.
-2
52 + -47 + (1 - 10)
-4
What is 4 + (-7 + 11 - 6)?
2
-4 + (17 - 4) + -6
3
What is -8 - -4 - -8 - 8?
-4
Calculate -7 - (3 - 0 - 9).
-1
Evaluate -1 - (1 - (2 - 1)).
-1
Evaluate -4 - (1 + (-7 - 0) + -1).
3
Evaluate -1 - -1 - (-15 - (-5 + -8)).
2
What is the value of 1 + -1 + -5 + 2 + 2?
-1
What is the value of 3 + (-4 + -3 - -5)?
1
(-13 - (-1 - 6)) + 0
-6
What is the value of (-4 - 0) + -2 + 2?
-4
Evaluate 1 + -20 + 20 + -12.
-11
What is the value of 4 - (1 + -2 - -1)?
4
Evaluate 1 + (0 - 5 - -9).
5
Evaluate -3 + (7 - 1 - (5 + -5)).
3
Evaluate 135 - 139 - (-4 - (0 - -1)).
1
Calculate -2 + 8 + 4 + -5.
5
Evaluate (1 - (14 + 0)) + -53 + 59.
-7
What is the value of 9 + (-4 - ((-5 - -3) + 2))?
5
What is the value of 10 + -20 + (3 - -2)?
-5
What is -34 - -39 - (0 - -6)?
-1
What is (2 - 1) + -7 + 2 - -2?
-2
What is 0 - (1 + 1 + (-13 - -12))?
-1
Evaluate (1 - 0) + (5 - 11).
-5
Evaluate -4 - (4 + (4 - 8)).
-4
What is 6 + -1 - 12 - -1 - -5?
-1
Evaluate (-4 - (-1 - (-1 - -2))) + 3.
1
Calculate 2 - (-3 + (1 - -6)).
-2
-5 - (-4 - (4 - 4))
-1
Calculate -6 - (2 - -1 - (-3 + 7)).
-5
3 - (5 + (-6 - -3)) - -4
5
Calculate -7 + 8 + -9 + 15.
7
What is the value of 6 - (3 - 1) - 5?
-1
What is the value of (-4 - -8) + (2 - -1) - 1?
6
What is -1 + -3 - -4 - 1?
-1
Evaluate 0 - 3 - -3 - (-1 - -2).
-1
What is the value of 6 - ((4 - 3) + 2)?
3
Evaluate (-3 - (-3 + -3)) + -1.
2
Calculate (3 - 9) + 7 - (-3 + 0).
4
What is (2 - (-1 - -3)) + 1?
1
-4 - (-4 - 0 - (-4 + 3))
-1
What is the value of 4 + -4 + -2 + -2?
-4
What is -5 - (6 + -7) - (-2 - 0)?
-2
What is the value of (3 - -1) + -1 + 1 + 1?
5
What is the value of (-15 - -2) + -30 + 38?
-5
What is 3 - (-1 + 2) - 3?
-1
0 + (-5 - -8) + 1
4
Calculate 18 + 5 + -12 + -21.
-10
Evaluate 23 + -5 - (3 - -7).
8
(-2 - 1) + 0 + (-2 - -8)
3
What is the value of -1 + -3 + -1 - (5 - 12)?
2
-6 + -5 + -3 + 8
-6
8 - (11 + 12 + -18)
3
(15 - (-14 - -38)) + 20
11
Calculate 22 + -28 + (0 + 0 - -1).
-5
Calculate -3 + (0 - (3 + (-7 - -4))).
-3
1 + 2 + (3 - 4)
2
Evaluate -5 - (-2 + (3 - 0)).
-6
(5 - 6 - 6) + 4
-3
Calculate 2 + 5 + (11 + -8 - 3).
7
(4 - 11) + -5 + 8 + -6
-10
(-6 - 1) + 7 - 6
-6
-7 - (7 - (23 + 3) - -8)
4
Evaluate (-5 - (1 + -12 + -3)) + -5.
4
What is the value of (3 - 1) + (-3 - -3 - 2)?
0
0 - 0 - (8 + -6 - 3)
1
Calculate (-11 - -7) + -4 + 17.
9
What is the value of -43 + 52 + (-3 - 0)?
6
Calculate -2 + 0 + (-5 - (8 - 20)).
5
Evaluate (4 - (8 - (7 - 7))) + 7.
3
(2 - 5) + (-2 - (-4 + 3))
-4
Evaluate (-1 - (-2 + 1)) + 14 + -12.
2
What is (-7 - (1 + -5)) + 2 + 2?
1
Evaluate (2 - (-2 - -5 - -1)) + -2.
-4
Calculate (1 - 1) + (15 - 16).
-1
Evaluate -1 - ((0 - 3) + 4).
-2
What is the value of -4 + (-14 - -3) + 8?
-7
Evaluate (6 - (5 + 3)) + -1 + -1.
-4
Evaluate (4 - (-1 + 1)) + -4.
0
Calculate 4 - (2 + 0 + 15 + -14).
1
What is -7 + (-1 - (-6 - (-2 + -1)))?
-5
Calculate -9 + (2 - (-5 + 1)).
-3
Evaluate 1 + 10 + (9 - 15).
5
Evaluate (-8 - (-9 + 4)) + -3 + 8.
2
0 - (-8 - -4 - -6)
-2
What is the value of 2 + 3 + 3 + -2 + -9?
-3
19 + -11 + -6 + 7
9
1 + 12 + 10 + -16
7
What is the value of -2 + 0 - ((-18 - -11) + 2)?
3
Evaluate -1 + -3 + -12 + 14.
-2
What is 4 - ((-2 - -16) + -5)?
-5
What is (2 - 3) + -2 + 6 + -5?
-2
Calculate 0 - (-1 + 1 - -1) - 1.
-2
Calculate 7 - (21 + (1 + -3 - 3)).
-9
-16 - -21 - (3 + 0)
2
Calculate 3 + 0 + -4 - 3.
-4
What is 0 + -4 + 58 + -52?
2
Evaluate 6 + (-5 - -2 - 2).
1
What is -4 - (-7 + -1 + 0)?
4
-1 + 7 + -2 + -9
-5
Calculate 5 + 13 + -18 - (6 - 2).
-4
(-4 - -9) + (13 + -5 - 5)
8
Calculate -7 + 4 + 6 + 1.
4
What is the value of 0 + -1 + -1 + (6 - 5)?
-1
-9 - (-6 + -9 + 7)
-1
What is the value of 1 - (6 + -1) - -7?
3
Calculate (2 - 5) + 4 + -4 + -1.
-4
Evaluate -4 + (10 + 3 - 4).
5
What is (-2 - 2 - -1) + 4?
1
What is -4 + 1 + (1 - -11 - 7)?
2
Evaluate -11 - (11 + -12) - -14.
4
(0 - (-1 - -3 - 0)) + -2
-4
Evaluate 1 - 4 - (0 - 8 - -3).
2
Calculate -1 - 0 - (-74 + 80).
-7
Calculate -6 + -11 + 9 + (6 - 1).
-3
What is 5 - 1 - (18 - 15)?
1
2 - (1 + -1 + 3 - 5)
4
-13 - -4 - (1 + -8 + -3)
1
1 - 1 - ((6 - 4) + 2)
-4
Calculate (1 - 0) + (-4 - (-3 - -2)).
-2
What is -4 + (0 - -3 - -3)?
2
Evaluate 1 + 4 - (4 - 1).
2
What is (-2 - -2) + -3 - (-79 + 75)?
1
What is the value of 2 + 1 + 1 - 5?
-1
(0 - -2) + -1 + -7 + 6
0
Calculate 3 - (4 - 6 - -5) - 1.
-1
What is the value of -114 - -115 - (1 + -4)?
4
What is 1 + 7 - ((3 - 5) + 8)?
2
Calculate 0 + (-8 - -5) - (-3 + 3).
-3
What is -1 + -8 + 7 + 6 + -3?
1
What is -5 - (-9 - (-1 + -4 + 0))?
-1
What is the value of -9 + 13 + 9 + -6?
7
6 + -1 + -8 - -8
5
Evaluate 12 - (10 + (-9 - -7)).
4
What is 0 + -1 - (0 - (7 + -5))?
1
What is the value of 25 + -26 - (6 - 1)?
-6
Calculate (12 - 36 - -12) + 10.
-2
Calculate 1 + -2 + 0 - (19 + -10).
-10
What is -4 - (-2 - 2 - -3)?
-3
Evaluate -1 + 5 - ((4 - 10) + 17).
-7
-1 + -3 - (5 + (-15 - -12))
-6
7 - (11 + -5) - 9
-8
What is the value of (11 - 4) + 1 + -5?
3
What is the value of (-3 - -1) + 2 - (-67 - -68)?
-1
What is the value of -28 + 21 + (7 - -2)?
2
Calculate 0 - (-6 + -4 + 5).
5
What is the value of 9 + (11 - 16) + (2 - -2)?
8
